 of 2500?
False
Is 182 a multiple of 7?
True
Is 251 a factor of 21383?
False
Does 13 divide 4335?
False
Does 35 divide 2913?
False
Is 4050 a multiple of 135?
True
Is 111 a factor of 6741?
False
Is 42 a factor of 22892?
False
Is 242 a multiple of 26?
False
Does 263 divide 6395?
False
Is 17 a factor of 39627?
True
Is 78 a factor of 7020?
True
Is 641 a multiple of 37?
False
Is 914 a multiple of 41?
False
Does 5 divide 1315?
True
Is 52374 a multiple of 58?
True
Is 26 a factor of 104?
True
Is 20224 a multiple of 32?
True
Is 2829 a multiple of 23?
True
Does 97 divide 65338?
False
Does 13 divide 27097?
False
Is 133 a multiple of 2?
False
Is 2745 a multiple of 183?
True
Does 47 divide 25180?
False
Is 16782 a multiple of 3?
True
Is 13 a factor of 12117?
False
Is 118 a factor of 8968?
True
Is 7490 a multiple of 23?
False
Is 30 a factor of 330?
True
Does 37 divide 4120?
False
Does 9 divide 72585?
True
Does 11 divide 17039?
True
Is 75 a factor of 875?
False
Does 12 divide 1785?
False
Does 149 divide 11232?
False
Is 35 a multiple of 7?
True
Does 32 divide 921?
False
Is 7 a factor of 32655?
True
Does 74 divide 25604?
True
Does 117 divide 5385?
False
Is 3 a factor of 56?
False
Does 74 divide 3312?
False
Is 8558 a multiple of 5?
False
Is 50 a multiple of 5?
True
Does 7 divide 102029?
False
Is 1628 a multiple of 79?
False
Is 16 a factor of 1136?
True
Is 64 a factor of 2368?
True
Is 3614 a multiple of 2?
True
Is 1395 a multiple of 10?
False
Is 36 a factor of 4519?
False
Does 22 divide 6050?
True
Is 15 a factor of 870?
True
Is 76 a multiple of 4?
True
Is 16 a factor of 54032?
True
Does 26 divide 130?
True
Is 39 a factor of 18040?
False
Is 42 a factor of 3196?
False
Is 1075 a multiple of 45?
False
Is 198 a factor of 9504?
True
Is 3844 a multiple of 31?
True
Does 19 divide 266?
True
Is 9 a factor of 22261?
False
Does 24 divide 43440?
True
Does 58 divide 4644?
False
Is 43791 a multiple of 11?
True
Is 22944 a multiple of 3?
True
Does 32 divide 256?
True
Does 68 divide 599?
False
Is 496 a multiple of 9?
False
Does 23 divide 41533?
False
Does 2 divide 954?
True
Is 33 a factor of 2376?
True
Is 819 a multiple of 21?
True
Does 12 divide 2498?
False
Does 63 divide 7560?
True
Does 64 divide 1891?
False
Is 5112 a multiple of 18?
True
Does 42 divide 7571?
False
Is 35 a factor of 6889?
False
Is 18972 a multiple of 153?
True
Does 5 divide 1032?
False
Is 10 a factor of 12530?
True
Is 75 a factor of 257?
False
Is 103 a factor of 1634?
False
Is 1530 a multiple of 17?
True
Is 59 a factor of 814?
False
Does 9 divide 1300?
False
Is 3858 a multiple of 40?
False
Is 55638 a multiple of 198?
True
Is 7 a factor of 10610?
False
Is 5500 a multiple of 10?
True
Is 5 a factor of 64?
False
Does 15 divide 270?
True
Is 453 a multiple of 29?
False
Is 1311 a multiple of 19?
True
Is 16 a factor of 5621?
False
Is 24726 a multiple of 131?
False
Is 38 a factor of 39753?
False
Is 171 a factor of 189352?
False
Is 510 a multiple of 3?
True
Does 40 divide 2120?
True
Does 207 divide 18946?
False
Does 3 divide 1494?
True
Is 1127 a multiple of 23?
True
Is 741 a multiple of 57?
True
Is 42 a factor of 1050?
True
Is 50643 a multiple of 153?
True
Does 8 divide 6664?
True
Is 23608 a multiple of 14?
False
Is 75 a factor of 852?
False
Is 30 a factor of 960?
True
Does 11 divide 316?
False
Is 156 a factor of 20592?
True
Does 15 divide 3195?
True
Does 28 divide 33104?
False
Is 520 a multiple of 52?
True
Does 12 divide 6085?
False
Is 9077 a multiple of 9?
False
Is 45320 a multiple of 91?
False
Is 572 a multiple of 44?
True
Does 122 divide 14894?
False
Is 33 a factor of 561?
True
Is 29 a factor of 696?
True
Is 21 a multiple of 10?
False
Does 32 divide 41265?
False
Is 3339 a multiple of 49?
False
Is 138 a multiple of 6?
True
Is 115 a factor of 7543?
False
Is 52573 a multiple of 19?
True
Is 7531 a multiple of 14?
False
Is 121 a factor of 817?
False
Is 189 a multiple of 5?
False
Is 1825 a multiple of 4?
False
Does 8 divide 744?
True
Is 18 a factor of 144?
True
Is 2 a factor of 185?
False
Is 23 a factor of 690?
True
Is 8 a factor of 31194?
False
Is 11 a factor of 1485?
True
Is 16185 a multiple of 15?
True
Does 22 divide 23892?
True
Does 128 divide 63298?
False
Is 700 a multiple of 7?
True
Is 91 a factor of 15490?
False
Is 19 a factor of 19532?
True
Is 76052 a multiple of 38?
False
Is 19 a factor of 656?
False
Is 480 a multiple of 60?
True
Is 5 a factor of 115?
True
Is 52 a factor of 26243?
False
Is 23194 a multiple of 25?
False
Is 3 a factor of 139?
False
Is 35 a factor of 3220?
True
Is 23 a factor of 422?
False
Is 36 a factor of 2196?
True
Is 963 a multiple of 26?
False
Is 8 a factor of 38809?
False
Is 40 a factor of 1010?
False
Is 1548 a multiple of 48?
False
Is 136 a factor of 14439?
False
Is 4758 a multiple of 11?
False
Is 63 a multiple of 13?
False
Is 38 a factor of 4484?
True
Is 1581 a multiple of 76?
False
Does 75 divide 1764?
False
Is 2205 a multiple of 48?
False
Does 7 divide 9233?
True
Is 17 a factor of 3332?
True
Does 98 divide 5978?
True
Is 3128 a multiple of 34?
True
Does 16 divide 336?
True
Is 11 a factor of 29?
False
Does 46 divide 1542?
False
Is 13 a factor of 5642?
True
Does 16 divide 448?
True
Does 86 divide 12181?
False
Does 38 divide 8262?
False
Is 61 a multiple of 30?
False
Does 39 divide 2457?
True
Is 4401 a multiple of 27?
True
Does 6 divide 454?
False
Is 13 a factor of 676?
True
Is 1440 a multiple of 32?
True
Is 4903 a multiple of 7?
False
Is 6130 a multiple of 10?
True
Is 7082 a multiple of 9?
False
Is 8882 a multiple of 6?
False
Does 20 divide 2413?
False
Is 132 a multiple of 2?
True
Is 52 a factor of 4107?
False
Does 12 divide 996?
True
Is 8 a factor of 3632?
True
Is 19290 a multiple of 30?
True
Is 4 a factor of 444?
True
Does 8 divide 14456?
True
Is 1800 a multiple of 50?
True
Does 48 divide 69360?
True
Is 72 a multiple of 28?
False
Does 6 divide 24?
True
Does 161 divide 966?
True
Does 11 divide 2545?
False
Is 8808 a multiple of 10?
False
Is 66 a multiple of 22?
True
Is 90 a factor of 85458?
False
Is 2340 a multiple of 65?
True
Is 51 a factor of 255?
True
Is 10 a factor of 2642?
False
Does 53 divide 10600?
True
Does 74 divide 21409?
False
Is 67 a factor of 3484?
True
Does 71 divide 10283?
False
Is 5849 a multiple of 65?
False
Is 859 a multiple of 44?
False
Is 101 a factor of 13433?
True
Is 4279 a multiple of 10?
False
Is 15 a factor of 2625?
True
Is 7 a factor of 302?
False
Is 10 a factor of 970?
True
Does 63 divide 161?
False
Is 72 a multiple of 8?
True
Does 92 divide 55476?
True
Is 43 a factor of 22446?
True
Is 33 a factor of 792?
True
Is 41 a factor of 12279?
False
Does 109 divide 1744?
True
Is 7 a factor of 2436?
True
Is 353 a multiple of 3?
False
Is 6 a factor of 420?
True
Is 72 a multiple of 2?
True
Is 1125 a multiple of 75?
True
Does 17 divide 12665?
True
Is 4848 a multiple of 48?
True
Is 5081 a multiple of 20?
False
Does 301 divide 117691?
True
Is 1035 a multiple of 23?
True
Does 38 divide 2716?
False
Does 12 divide 1359?
False
Does 71 divide 2911?
True
Is 846 a multiple of 62?
False
Is 14 a factor of 10977?
False
Does 44 divide 1408?
True
Does 114 divide 136686?
True
Is 5 a factor of 243?
False
Is 46284 a multiple of 116?
True
Does 106 divide 4452?
True
Is 81 a factor of 655?
False
Is 6 a factor of 497?
False
Does 66 divide 1790?
False
Is 26 a factor of 24360?
False
Does 145 divide 23635?
True
Is 31 a multiple of 16?
False
Is 41 a factor of 4884?
False
Is 9 a factor of 981?
True
Does 43 divide 6612?
False
Does 21 divide 4486?
False
Does 42 divide 546?
True
Is 424 a multiple of 13?
False
Is 1210 a multiple of 119?
False
Is 38 a factor of 9994?
True
Is 16 a factor of 1472?
True
Is 87921 a multiple of 11?
False
Does 8 divide 308?
False
Is 3420 a multiple of 60?
True
Is 281 a factor of 87672?
True
Is 10 a factor of 865?
False
Is 486 even?
True
Is 648 a multiple of 5?
False
Does 97 divide 14547?
False
Is 74 a factor of 16724?
True
Is 1064 a multiple of 6?
False
Is 9 a factor of 2943?
True
Is 16 a factor of 37032?
False
Does 38 divide 38?
True
Does 20 divide 325?
False
Is 65 a multiple of 2?
False
Is 91 a factor of 15015?
True
Is 24 a factor of 320?
False
Is 15 a factor of 5310?
True
Does 6 divide 40?
False
Does 8 divide 48704?
True
Is 392 a multiple of 2?
True
Does 5 divide 183?
False
Is